{"id":34,"date":"2019-12-21T18:59:01","date_gmt":"2019-12-21T17:59:01","guid":{"rendered":"http:\/\/www.halirsch-ahrenshoop.de\/wordpress\/?page_id=34"},"modified":"2021-09-19T19:15:15","modified_gmt":"2021-09-19T17:15:15","slug":"impressionen","status":"publish","type":"page","link":"https:\/\/www.halirsch-ahrenshoop.de\/?page_id=34","title":{"rendered":"Impressionen"},"content":{"rendered":"\t\t<div data-elementor-type=\"wp-page\" data-elementor-id=\"34\" class=\"elementor elementor-34\">\n\t\t\t\t\t\t<section class=\"elementor-section elementor-top-section elementor-element elementor-element-1027e36 elementor-section-boxed elementor-section-height-default elementor-section-height-default\" data-id=\"1027e36\" data-element_type=\"section\" data-e-type=\"section\">\n\t\t\t\t\t\t<div class=\"elementor-container elementor-column-gap-default\">\n\t\t\t\t\t<div class=\"elementor-column elementor-col-100 elementor-top-column elementor-element elementor-element-e2c0be9\" data-id=\"e2c0be9\" data-element_type=\"column\" data-e-type=\"column\">\n\t\t\t<div class=\"elementor-widget-wrap elementor-element-populated\">\n\t\t\t\t\t\t<div class=\"elementor-element elementor-element-8f9e2fd elementor-widget elementor-widget-spacer\" data-id=\"8f9e2fd\" data-element_type=\"widget\" data-e-type=\"widget\" data-widget_type=\"spacer.default\">\n\t\t\t\t<div class=\"elementor-widget-container\">\n\t\t\t\t\t\t\t<div class=\"elementor-spacer\">\n\t\t\t<div class=\"elementor-spacer-inner\"><\/div>\n\t\t<\/div>\n\t\t\t\t\t\t<\/div>\n\t\t\t\t<\/div>\n\t\t\t\t<div class=\"elementor-element elementor-element-0386abb elementor-widget elementor-widget-heading\" data-id=\"0386abb\" data-element_type=\"widget\" data-e-type=\"widget\" data-widget_type=\"heading.default\">\n\t\t\t\t<div class=\"elementor-widget-container\">\n\t\t\t\t\t<h2 class=\"elementor-heading-title elementor-size-default\">Ahrenshooper Impressionen<\/h2>\t\t\t\t<\/div>\n\t\t\t\t<\/div>\n\t\t\t\t\t<\/div>\n\t\t<\/div>\n\t\t\t\t\t<\/div>\n\t\t<\/section>\n\t\t\t\t<section class=\"elementor-section elementor-top-section elementor-element elementor-element-6afe9a7 elementor-section-boxed elementor-section-height-default elementor-section-height-default\" data-id=\"6afe9a7\" data-element_type=\"section\" data-e-type=\"section\">\n\t\t\t\t\t\t<div class=\"elementor-container elementor-column-gap-default\">\n\t\t\t\t\t<div class=\"elementor-column elementor-col-33 elementor-top-column elementor-element elementor-element-84c2c04\" data-id=\"84c2c04\" data-element_type=\"column\" data-e-type=\"column\">\n\t\t\t<div class=\"elementor-widget-wrap elementor-element-populated\">\n\t\t\t\t\t\t<div class=\"elementor-element elementor-element-6f1707e elementor-widget elementor-widget-image\" data-id=\"6f1707e\" data-element_type=\"widget\" data-e-type=\"widget\" data-widget_type=\"image.default\">\n\t\t\t\t<div class=\"elementor-widget-container\">\n\t\t\t\t\t\t\t\t\t\t\t\t\t\t\t<img fetchpriority=\"high\" decoding=\"async\" width=\"2048\" height=\"1151\" src=\"https:\/\/www.halirsch-ahrenshoop.de\/wordpress\/wp-content\/uploads\/2021\/09\/DJI_0655-2048x1151.jpg\" class=\"attachment-2048x2048 size-2048x2048 wp-image-515\" alt=\"\" srcset=\"https:\/\/www.halirsch-ahrenshoop.de\/wordpress\/wp-content\/uploads\/2021\/09\/DJI_0655-2048x1151.jpg 2048w, https:\/\/www.halirsch-ahrenshoop.de\/wordpress\/wp-content\/uploads\/2021\/09\/DJI_0655-300x169.jpg 300w, https:\/\/www.halirsch-ahrenshoop.de\/wordpress\/wp-content\/uploads\/2021\/09\/DJI_0655-1024x575.jpg 1024w, https:\/\/www.halirsch-ahrenshoop.de\/wordpress\/wp-content\/uploads\/2021\/09\/DJI_0655-768x432.jpg 768w, https:\/\/www.halirsch-ahrenshoop.de\/wordpress\/wp-content\/uploads\/2021\/09\/DJI_0655-1536x863.jpg 1536w\" sizes=\"(max-width: 2048px) 100vw, 2048px\" \/>\t\t\t\t\t\t\t\t\t\t\t\t\t\t\t<\/div>\n\t\t\t\t<\/div>\n\t\t\t\t\t<\/div>\n\t\t<\/div>\n\t\t\t\t<div class=\"elementor-column elementor-col-33 elementor-top-column elementor-element elementor-element-d6a26b2\" data-id=\"d6a26b2\" data-element_type=\"column\" data-e-type=\"column\">\n\t\t\t<div class=\"elementor-widget-wrap elementor-element-populated\">\n\t\t\t\t\t\t<div class=\"elementor-element elementor-element-b1aa43c elementor-widget elementor-widget-image\" data-id=\"b1aa43c\" data-element_type=\"widget\" data-e-type=\"widget\" data-widget_type=\"image.default\">\n\t\t\t\t<div class=\"elementor-widget-container\">\n\t\t\t\t\t\t\t\t\t\t\t\t\t\t\t<img decoding=\"async\" width=\"1024\" height=\"768\" src=\"https:\/\/www.halirsch-ahrenshoop.de\/wordpress\/wp-content\/uploads\/2019\/12\/ein-wahnsinns-sonnenaufgang-ueber-dem-bodden-1024x768.jpg\" class=\"attachment-large size-large wp-image-110\" alt=\"\" srcset=\"https:\/\/www.halirsch-ahrenshoop.de\/wordpress\/wp-content\/uploads\/2019\/12\/ein-wahnsinns-sonnenaufgang-ueber-dem-bodden-1024x768.jpg 1024w, https:\/\/www.halirsch-ahrenshoop.de\/wordpress\/wp-content\/uploads\/2019\/12\/ein-wahnsinns-sonnenaufgang-ueber-dem-bodden-300x225.jpg 300w, https:\/\/www.halirsch-ahrenshoop.de\/wordpress\/wp-content\/uploads\/2019\/12\/ein-wahnsinns-sonnenaufgang-ueber-dem-bodden-768x576.jpg 768w, https:\/\/www.halirsch-ahrenshoop.de\/wordpress\/wp-content\/uploads\/2019\/12\/ein-wahnsinns-sonnenaufgang-ueber-dem-bodden.jpg 1200w\" sizes=\"(max-width: 1024px) 100vw, 1024px\" \/>\t\t\t\t\t\t\t\t\t\t\t\t\t\t\t<\/div>\n\t\t\t\t<\/div>\n\t\t\t\t\t<\/div>\n\t\t<\/div>\n\t\t\t\t<div class=\"elementor-column elementor-col-33 elementor-top-column elementor-element elementor-element-b32c089\" data-id=\"b32c089\" data-element_type=\"column\" data-e-type=\"column\">\n\t\t\t<div class=\"elementor-widget-wrap elementor-element-populated\">\n\t\t\t\t\t\t<div class=\"elementor-element elementor-element-7c5f567 elementor-widget elementor-widget-image\" data-id=\"7c5f567\" data-element_type=\"widget\" data-e-type=\"widget\" data-widget_type=\"image.default\">\n\t\t\t\t<div class=\"elementor-widget-container\">\n\t\t\t\t\t\t\t\t\t\t\t\t\t\t\t<img decoding=\"async\" width=\"1024\" height=\"768\" src=\"https:\/\/www.halirsch-ahrenshoop.de\/wordpress\/wp-content\/uploads\/2019\/12\/kuenstlerhaus-1024x768.jpg\" class=\"attachment-large size-large wp-image-235\" alt=\"\" srcset=\"https:\/\/www.halirsch-ahrenshoop.de\/wordpress\/wp-content\/uploads\/2019\/12\/kuenstlerhaus-1024x768.jpg 1024w, https:\/\/www.halirsch-ahrenshoop.de\/wordpress\/wp-content\/uploads\/2019\/12\/kuenstlerhaus-300x225.jpg 300w, https:\/\/www.halirsch-ahrenshoop.de\/wordpress\/wp-content\/uploads\/2019\/12\/kuenstlerhaus-768x576.jpg 768w, https:\/\/www.halirsch-ahrenshoop.de\/wordpress\/wp-content\/uploads\/2019\/12\/kuenstlerhaus.jpg 1200w\" sizes=\"(max-width: 1024px) 100vw, 1024px\" \/>\t\t\t\t\t\t\t\t\t\t\t\t\t\t\t<\/div>\n\t\t\t\t<\/div>\n\t\t\t\t\t<\/div>\n\t\t<\/div>\n\t\t\t\t\t<\/div>\n\t\t<\/section>\n\t\t\t\t<section class=\"elementor-section elementor-top-section elementor-element elementor-element-6f96627 elementor-section-boxed elementor-section-height-default elementor-section-height-default\" data-id=\"6f96627\" data-element_type=\"section\" data-e-type=\"section\">\n\t\t\t\t\t\t<div class=\"elementor-container elementor-column-gap-default\">\n\t\t\t\t\t<div class=\"elementor-column elementor-col-33 elementor-top-column elementor-element elementor-element-c76033d\" data-id=\"c76033d\" data-element_type=\"column\" data-e-type=\"column\">\n\t\t\t<div class=\"elementor-widget-wrap elementor-element-populated\">\n\t\t\t\t\t\t<div class=\"elementor-element elementor-element-88c566f elementor-widget elementor-widget-image\" data-id=\"88c566f\" data-element_type=\"widget\" data-e-type=\"widget\" data-widget_type=\"image.default\">\n\t\t\t\t<div class=\"elementor-widget-container\">\n\t\t\t\t\t\t\t\t\t\t\t\t\t\t\t<img loading=\"lazy\" decoding=\"async\" width=\"1024\" height=\"768\" src=\"https:\/\/www.halirsch-ahrenshoop.de\/wordpress\/wp-content\/uploads\/2019\/12\/beliebtes-fotomotiv-1024x768.jpg\" class=\"attachment-large size-large wp-image-236\" alt=\"\" srcset=\"https:\/\/www.halirsch-ahrenshoop.de\/wordpress\/wp-content\/uploads\/2019\/12\/beliebtes-fotomotiv-1024x768.jpg 1024w, https:\/\/www.halirsch-ahrenshoop.de\/wordpress\/wp-content\/uploads\/2019\/12\/beliebtes-fotomotiv-300x225.jpg 300w, https:\/\/www.halirsch-ahrenshoop.de\/wordpress\/wp-content\/uploads\/2019\/12\/beliebtes-fotomotiv-768x576.jpg 768w, https:\/\/www.halirsch-ahrenshoop.de\/wordpress\/wp-content\/uploads\/2019\/12\/beliebtes-fotomotiv.jpg 1200w\" sizes=\"(max-width: 1024px) 100vw, 1024px\" \/>\t\t\t\t\t\t\t\t\t\t\t\t\t\t\t<\/div>\n\t\t\t\t<\/div>\n\t\t\t\t\t<\/div>\n\t\t<\/div>\n\t\t\t\t<div class=\"elementor-column elementor-col-33 elementor-top-column elementor-element elementor-element-b1196bc\" data-id=\"b1196bc\" data-element_type=\"column\" data-e-type=\"column\">\n\t\t\t<div class=\"elementor-widget-wrap elementor-element-populated\">\n\t\t\t\t\t\t<div class=\"elementor-element elementor-element-c0634e3 elementor-widget elementor-widget-image\" data-id=\"c0634e3\" data-element_type=\"widget\" data-e-type=\"widget\" data-widget_type=\"image.default\">\n\t\t\t\t<div class=\"elementor-widget-container\">\n\t\t\t\t\t\t\t\t\t\t\t\t\t\t\t<img loading=\"lazy\" decoding=\"async\" width=\"1024\" height=\"768\" src=\"https:\/\/www.halirsch-ahrenshoop.de\/wordpress\/wp-content\/uploads\/2019\/12\/am-strand-1024x768.jpg\" class=\"attachment-large size-large wp-image-108\" alt=\"\" srcset=\"https:\/\/www.halirsch-ahrenshoop.de\/wordpress\/wp-content\/uploads\/2019\/12\/am-strand-1024x768.jpg 1024w, https:\/\/www.halirsch-ahrenshoop.de\/wordpress\/wp-content\/uploads\/2019\/12\/am-strand-300x225.jpg 300w, https:\/\/www.halirsch-ahrenshoop.de\/wordpress\/wp-content\/uploads\/2019\/12\/am-strand-768x576.jpg 768w, https:\/\/www.halirsch-ahrenshoop.de\/wordpress\/wp-content\/uploads\/2019\/12\/am-strand.jpg 1200w\" sizes=\"(max-width: 1024px) 100vw, 1024px\" \/>\t\t\t\t\t\t\t\t\t\t\t\t\t\t\t<\/div>\n\t\t\t\t<\/div>\n\t\t\t\t\t<\/div>\n\t\t<\/div>\n\t\t\t\t<div class=\"elementor-column elementor-col-33 elementor-top-column elementor-element elementor-element-2b21c61\" data-id=\"2b21c61\" data-element_type=\"column\" data-e-type=\"column\">\n\t\t\t<div class=\"elementor-widget-wrap elementor-element-populated\">\n\t\t\t\t\t\t<div class=\"elementor-element elementor-element-0adfa46 elementor-widget elementor-widget-image\" data-id=\"0adfa46\" data-element_type=\"widget\" data-e-type=\"widget\" data-widget_type=\"image.default\">\n\t\t\t\t<div class=\"elementor-widget-container\">\n\t\t\t\t\t\t\t\t\t\t\t\t\t\t\t<img loading=\"lazy\" decoding=\"async\" width=\"1024\" height=\"768\" src=\"https:\/\/www.halirsch-ahrenshoop.de\/wordpress\/wp-content\/uploads\/2019\/12\/althaeger-hafen-1024x768.jpg\" class=\"attachment-large size-large wp-image-107\" alt=\"\" srcset=\"https:\/\/www.halirsch-ahrenshoop.de\/wordpress\/wp-content\/uploads\/2019\/12\/althaeger-hafen-1024x768.jpg 1024w, https:\/\/www.halirsch-ahrenshoop.de\/wordpress\/wp-content\/uploads\/2019\/12\/althaeger-hafen-300x225.jpg 300w, https:\/\/www.halirsch-ahrenshoop.de\/wordpress\/wp-content\/uploads\/2019\/12\/althaeger-hafen-768x576.jpg 768w, https:\/\/www.halirsch-ahrenshoop.de\/wordpress\/wp-content\/uploads\/2019\/12\/althaeger-hafen.jpg 1200w\" sizes=\"(max-width: 1024px) 100vw, 1024px\" \/>\t\t\t\t\t\t\t\t\t\t\t\t\t\t\t<\/div>\n\t\t\t\t<\/div>\n\t\t\t\t\t<\/div>\n\t\t<\/div>\n\t\t\t\t\t<\/div>\n\t\t<\/section>\n\t\t\t\t<section class=\"elementor-section elementor-top-section elementor-element elementor-element-f56a8ed elementor-section-boxed elementor-section-height-default elementor-section-height-default\" data-id=\"f56a8ed\" data-element_type=\"section\" data-e-type=\"section\">\n\t\t\t\t\t\t<div class=\"elementor-container elementor-column-gap-default\">\n\t\t\t\t\t<div class=\"elementor-column elementor-col-33 elementor-top-column elementor-element elementor-element-7c53f9c\" data-id=\"7c53f9c\" data-element_type=\"column\" data-e-type=\"column\">\n\t\t\t<div class=\"elementor-widget-wrap elementor-element-populated\">\n\t\t\t\t\t\t<div class=\"elementor-element elementor-element-fbde621 elementor-widget elementor-widget-image\" data-id=\"fbde621\" data-element_type=\"widget\" data-e-type=\"widget\" data-widget_type=\"image.default\">\n\t\t\t\t<div class=\"elementor-widget-container\">\n\t\t\t\t\t\t\t\t\t\t\t\t\t\t\t<img loading=\"lazy\" decoding=\"async\" width=\"430\" height=\"299\" src=\"https:\/\/www.halirsch-ahrenshoop.de\/wordpress\/wp-content\/uploads\/2019\/12\/winter-boddenblick_gr.jpg\" class=\"attachment-large size-large wp-image-242\" alt=\"\" srcset=\"https:\/\/www.halirsch-ahrenshoop.de\/wordpress\/wp-content\/uploads\/2019\/12\/winter-boddenblick_gr.jpg 430w, https:\/\/www.halirsch-ahrenshoop.de\/wordpress\/wp-content\/uploads\/2019\/12\/winter-boddenblick_gr-300x209.jpg 300w\" sizes=\"(max-width: 430px) 100vw, 430px\" \/>\t\t\t\t\t\t\t\t\t\t\t\t\t\t\t<\/div>\n\t\t\t\t<\/div>\n\t\t\t\t<div class=\"elementor-element elementor-element-10c014e elementor-widget elementor-widget-image\" data-id=\"10c014e\" data-element_type=\"widget\" data-e-type=\"widget\" data-widget_type=\"image.default\">\n\t\t\t\t<div class=\"elementor-widget-container\">\n\t\t\t\t\t\t\t\t\t\t\t\t\t\t\t<img loading=\"lazy\" decoding=\"async\" width=\"1024\" height=\"768\" src=\"https:\/\/www.halirsch-ahrenshoop.de\/wordpress\/wp-content\/uploads\/2019\/12\/stand-up-paddling-1024x768.jpg\" class=\"attachment-large size-large wp-image-247\" alt=\"\" srcset=\"https:\/\/www.halirsch-ahrenshoop.de\/wordpress\/wp-content\/uploads\/2019\/12\/stand-up-paddling-1024x768.jpg 1024w, https:\/\/www.halirsch-ahrenshoop.de\/wordpress\/wp-content\/uploads\/2019\/12\/stand-up-paddling-300x225.jpg 300w, https:\/\/www.halirsch-ahrenshoop.de\/wordpress\/wp-content\/uploads\/2019\/12\/stand-up-paddling-768x576.jpg 768w, https:\/\/www.halirsch-ahrenshoop.de\/wordpress\/wp-content\/uploads\/2019\/12\/stand-up-paddling.jpg 1200w\" sizes=\"(max-width: 1024px) 100vw, 1024px\" \/>\t\t\t\t\t\t\t\t\t\t\t\t\t\t\t<\/div>\n\t\t\t\t<\/div>\n\t\t\t\t\t<\/div>\n\t\t<\/div>\n\t\t\t\t<div class=\"elementor-column elementor-col-33 elementor-top-column elementor-element elementor-element-7f65b55\" data-id=\"7f65b55\" data-element_type=\"column\" data-e-type=\"column\">\n\t\t\t<div class=\"elementor-widget-wrap elementor-element-populated\">\n\t\t\t\t\t\t<div class=\"elementor-element elementor-element-03623df elementor-widget elementor-widget-image\" data-id=\"03623df\" data-element_type=\"widget\" data-e-type=\"widget\" data-widget_type=\"image.default\">\n\t\t\t\t<div class=\"elementor-widget-container\">\n\t\t\t\t\t\t\t\t\t\t\t\t\t\t\t<img loading=\"lazy\" decoding=\"async\" width=\"430\" height=\"299\" src=\"https:\/\/www.halirsch-ahrenshoop.de\/wordpress\/wp-content\/uploads\/2019\/12\/winter-bootshaus_gr.jpg\" class=\"attachment-large size-large wp-image-245\" alt=\"\" srcset=\"https:\/\/www.halirsch-ahrenshoop.de\/wordpress\/wp-content\/uploads\/2019\/12\/winter-bootshaus_gr.jpg 430w, https:\/\/www.halirsch-ahrenshoop.de\/wordpress\/wp-content\/uploads\/2019\/12\/winter-bootshaus_gr-300x209.jpg 300w\" sizes=\"(max-width: 430px) 100vw, 430px\" \/>\t\t\t\t\t\t\t\t\t\t\t\t\t\t\t<\/div>\n\t\t\t\t<\/div>\n\t\t\t\t\t<\/div>\n\t\t<\/div>\n\t\t\t\t<div class=\"elementor-column elementor-col-33 elementor-top-column elementor-element elementor-element-c0be142\" data-id=\"c0be142\" data-element_type=\"column\" data-e-type=\"column\">\n\t\t\t<div class=\"elementor-widget-wrap elementor-element-populated\">\n\t\t\t\t\t\t<div class=\"elementor-element elementor-element-85f6862 elementor-widget elementor-widget-image\" data-id=\"85f6862\" data-element_type=\"widget\" data-e-type=\"widget\" data-widget_type=\"image.default\">\n\t\t\t\t<div class=\"elementor-widget-container\">\n\t\t\t\t\t\t\t\t\t\t\t\t\t\t\t<img loading=\"lazy\" decoding=\"async\" width=\"430\" height=\"299\" src=\"https:\/\/www.halirsch-ahrenshoop.de\/wordpress\/wp-content\/uploads\/2019\/12\/koppel_fulge_gr.jpg\" class=\"attachment-large size-large wp-image-250\" alt=\"\" srcset=\"https:\/\/www.halirsch-ahrenshoop.de\/wordpress\/wp-content\/uploads\/2019\/12\/koppel_fulge_gr.jpg 430w, https:\/\/www.halirsch-ahrenshoop.de\/wordpress\/wp-content\/uploads\/2019\/12\/koppel_fulge_gr-300x209.jpg 300w\" sizes=\"(max-width: 430px) 100vw, 430px\" \/>\t\t\t\t\t\t\t\t\t\t\t\t\t\t\t<\/div>\n\t\t\t\t<\/div>\n\t\t\t\t\t<\/div>\n\t\t<\/div>\n\t\t\t\t\t<\/div>\n\t\t<\/section>\n\t\t\t\t<section class=\"elementor-section elementor-top-section elementor-element elementor-element-721f3d0 elementor-section-boxed elementor-section-height-default elementor-section-height-default\" data-id=\"721f3d0\" data-element_type=\"section\" data-e-type=\"section\">\n\t\t\t\t\t\t<div class=\"elementor-container elementor-column-gap-default\">\n\t\t\t\t\t<div class=\"elementor-column elementor-col-100 elementor-top-column elementor-element elementor-element-ca00c82\" data-id=\"ca00c82\" data-element_type=\"column\" data-e-type=\"column\">\n\t\t\t<div class=\"elementor-widget-wrap elementor-element-populated\">\n\t\t\t\t\t\t<div class=\"elementor-element elementor-element-1e314a3 elementor-widget elementor-widget-spacer\" data-id=\"1e314a3\" data-element_type=\"widget\" data-e-type=\"widget\" data-widget_type=\"spacer.default\">\n\t\t\t\t<div class=\"elementor-widget-container\">\n\t\t\t\t\t\t\t<div class=\"elementor-spacer\">\n\t\t\t<div class=\"elementor-spacer-inner\"><\/div>\n\t\t<\/div>\n\t\t\t\t\t\t<\/div>\n\t\t\t\t<\/div>\n\t\t\t\t<div class=\"elementor-element elementor-element-dc1729f elementor-widget elementor-widget-heading\" data-id=\"dc1729f\" data-element_type=\"widget\" data-e-type=\"widget\" data-widget_type=\"heading.default\">\n\t\t\t\t<div class=\"elementor-widget-container\">\n\t\t\t\t\t<h2 class=\"elementor-heading-title elementor-size-default\">Ahrenshoop in Worten<\/h2>\t\t\t\t<\/div>\n\t\t\t\t<\/div>\n\t\t\t\t<div class=\"elementor-element elementor-element-295c088 elementor-widget elementor-widget-text-editor\" data-id=\"295c088\" data-element_type=\"widget\" data-e-type=\"widget\" data-widget_type=\"text-editor.default\">\n\t\t\t\t<div class=\"elementor-widget-container\">\n\t\t\t\t\t\t\t\t\t<p>Unser &#8222;Hus S\u00fcnnschien&#8220; befindet sich auf einem gro\u00dfz\u00fcgigen, gepflegten Grundst\u00fcck direkt am Saaler Bodden. Unser Garten l\u00e4dt zum verweilen ein und steht unseren G\u00e4sten jederzeit zur Verf\u00fcgung.<\/p><p>Die Fulge bezeichnet man zu Recht als eines der beschaulichsten Fleckchen Ahrenshoops. Abseits der Hauptstra\u00dfe, aber dennoch mitten im Ort, reihen sich direkt am Bodden 12 gepflegte H\u00e4user aneinander, die schon sehr oft eine faszinierende Kulisse f\u00fcr deutsche Fernsehfilme boten.<\/p><p>Ahrenshoop ist ein beliebter Wohn- und Feriensitz vieler K\u00fcnstler und entwickelt sich zum bevorzugten Drehort. Er wird auch schon mal gerne als Hollywood der Ostseek\u00fcste bezeichnet.<\/p><p>Das Ostseebad Ahrenshoop liegt auf der Halbinsel Fischland &#8211; Dar\u00df und blickt auf gut 100 Jahre B\u00e4dertourismus zur\u00fcck. Der vielgestaltete Landstrich und ein besonderes Licht beg\u00fcnstigten um die Jahrhundertwende die Gr\u00fcndung einer K\u00fcnstlerkolonie, deren Zeugnisse hier bis heute erlebbar sind. Aus der Malerkolonie entwickelte sich ein K\u00fcnstlerort mit besonderer Ausstrahlung, der sich sein charaktervolles Antlitz bewahren konnte.<\/p>\t\t\t\t\t\t\t\t<\/div>\n\t\t\t\t<\/div>\n\t\t\t\t\t<\/div>\n\t\t<\/div>\n\t\t\t\t\t<\/div>\n\t\t<\/section>\n\t\t\t\t<\/div>\n\t\t","protected":false},"excerpt":{"rendered":"<p>Ahrenshooper Impressionen Ahrenshoop in Worten Unser &#8222;Hus S\u00fcnnschien&#8220; befindet sich auf einem gro\u00dfz\u00fcgigen, gepflegten Grundst\u00fcck direkt am Saaler Bodden. Unser Garten l\u00e4dt zum verweilen ein und steht unseren G\u00e4sten jederzeit zur Verf\u00fcgung. Die Fulge bezeichnet man zu Recht als eines der beschaulichsten Fleckchen Ahrenshoops. Abseits der Hauptstra\u00dfe, aber dennoch mitten im Ort, reihen sich direkt [&hellip;]<\/p>\n","protected":false},"author":1,"featured_media":0,"parent":0,"menu_order":0,"comment_status":"closed","ping_status":"closed","template":"elementor_header_footer","meta":{"footnotes":""},"class_list":["post-34","page","type-page","status-publish","hentry","entry"],"_links":{"self":[{"href":"https:\/\/www.halirsch-ahrenshoop.de\/index.php?rest_route=\/wp\/v2\/pages\/34","targetHints":{"allow":["GET"]}}],"collection":[{"href":"https:\/\/www.halirsch-ahrenshoop.de\/index.php?rest_route=\/wp\/v2\/pages"}],"about":[{"href":"https:\/\/www.halirsch-ahrenshoop.de\/index.php?rest_route=\/wp\/v2\/types\/page"}],"author":[{"embeddable":true,"href":"https:\/\/www.halirsch-ahrenshoop.de\/index.php?rest_route=\/wp\/v2\/users\/1"}],"replies":[{"embeddable":true,"href":"https:\/\/www.halirsch-ahrenshoop.de\/index.php?rest_route=%2Fwp%2Fv2%2Fcomments&post=34"}],"version-history":[{"count":11,"href":"https:\/\/www.halirsch-ahrenshoop.de\/index.php?rest_route=\/wp\/v2\/pages\/34\/revisions"}],"predecessor-version":[{"id":521,"href":"https:\/\/www.halirsch-ahrenshoop.de\/index.php?rest_route=\/wp\/v2\/pages\/34\/revisions\/521"}],"wp:attachment":[{"href":"https:\/\/www.halirsch-ahrenshoop.de\/index.php?rest_route=%2Fwp%2Fv2%2Fmedia&parent=34"}],"curies":[{"name":"wp","href":"https:\/\/api.w.org\/{rel}","templated":true}]}}